{"id":15705,"date":"2024-04-03T17:09:25","date_gmt":"2024-04-03T15:09:25","guid":{"rendered":"https:\/\/prodistele.com\/fabres\/?page_id=15705"},"modified":"2024-07-05T12:02:11","modified_gmt":"2024-07-05T10:02:11","slug":"historia-es","status":"publish","type":"page","link":"https:\/\/prodistele.com\/fabres\/quienes-somos\/historia-es\/","title":{"rendered":"Historia"},"content":{"rendered":"\t\t<div data-elementor-type=\"wp-page\" data-elementor-id=\"15705\" class=\"elementor elementor-15705\">\n\t\t\t\t\t\t\t<div class=\"elementor-element elementor-element-eaeedc6 e-con-boxed e-con\" data-id=\"eaeedc6\" data-element_type=\"container\" data-settings=\"{&quot;content_width&quot;:&quot;boxed&quot;}\">\n\t\t\t\t\t<div class=\"e-con-inner\">\n\t\t<div class=\"elementor-element elementor-element-215a29d e-con-full e-con\" data-id=\"215a29d\" data-element_type=\"container\" data-settings=\"{&quot;content_width&quot;:&quot;full&quot;}\">\n\t\t\t\t<div class=\"elementor-element elementor-element-f2ca599 elementor-aspect-ratio-169 elementor-widget elementor-widget-video\" data-id=\"f2ca599\" data-element_type=\"widget\" data-settings=\"{&quot;youtube_url&quot;:&quot;https:\\\/\\\/youtu.be\\\/3MZJyaYyp8w?si=wHIzLVxK0BNlKnbI&quot;,&quot;video_type&quot;:&quot;youtube&quot;,&quot;controls&quot;:&quot;yes&quot;,&quot;aspect_ratio&quot;:&quot;169&quot;}\" data-widget_type=\"video.default\">\n\t\t\t\t<div class=\"elementor-widget-container\">\n\t\t\t<style>\/*! elementor - v3.8.1 - 13-11-2022 *\/\n.elementor-widget-video .elementor-widget-container{overflow:hidden;-webkit-transform:translateZ(0);transform:translateZ(0)}.elementor-widget-video .elementor-open-inline .elementor-custom-embed-image-overlay{position:absolute;top:0;left:0;width:100%;height:100%;background-size:cover;background-position:50%}.elementor-widget-video .elementor-custom-embed-image-overlay{cursor:pointer;text-align:center}.elementor-widget-video .elementor-custom-embed-image-overlay:hover .elementor-custom-embed-play i{opacity:1}.elementor-widget-video .elementor-custom-embed-image-overlay img{display:block;width:100%}.elementor-widget-video .e-hosted-video .elementor-video{-o-object-fit:cover;object-fit:cover}.e-con-inner>.elementor-widget-video,.e-con>.elementor-widget-video{width:var(--container-widget-width,100%)}<\/style>\t\t<div class=\"elementor-wrapper elementor-fit-aspect-ratio elementor-open-inline\">\n\t\t\t<div class=\"elementor-video\"><\/div>\t\t<\/div>\n\t\t\t\t<\/div>\n\t\t\t\t<\/div>\n\t\t\t\t<div class=\"elementor-element elementor-element-8d996a0 elementor-widget elementor-widget-text-editor\" data-id=\"8d996a0\" data-element_type=\"widget\" data-widget_type=\"text-editor.default\">\n\t\t\t\t<div class=\"elementor-widget-container\">\n\t\t\t<style>\/*! elementor - v3.8.1 - 13-11-2022 *\/\n.elementor-widget-text-editor.elementor-drop-cap-view-stacked .elementor-drop-cap{background-color:#818a91;color:#fff}.elementor-widget-text-editor.elementor-drop-cap-view-framed .elementor-drop-cap{color:#818a91;border:3px solid;background-color:transparent}.elementor-widget-text-editor:not(.elementor-drop-cap-view-default) .elementor-drop-cap{margin-top:8px}.elementor-widget-text-editor:not(.elementor-drop-cap-view-default) .elementor-drop-cap-letter{width:1em;height:1em}.elementor-widget-text-editor .elementor-drop-cap{float:left;text-align:center;line-height:1;font-size:50px}.elementor-widget-text-editor .elementor-drop-cap-letter{display:inline-block}<\/style>\t\t\t\t<p style=\"text-align: center;\">V\u00eddeo conmemorativo de los 100 a\u00f1os de la Fundaci\u00f3n Vicente Rodr\u00edguez Fabr\u00e9s.<\/p><p>Por iniciativa de D. Angel Fern\u00e1ndez Mart\u00edn, con un equipo de colaboradores, han elaborado un Documental sobre D. Vicente Rodr\u00edguez Fabr\u00e9s y la Fundaci\u00f3n que lleva su nombre.<\/p><p><em>Realizaci\u00f3n y edici\u00f3n:<\/em> D. \u00c1ngel Fern\u00e1ndez Mart\u00edn (Profesor de imagen y sonido).<br \/><em>Operadores de c\u00e1mara:<\/em> D\u00aa. Patricia Teles Sim\u00f3n (Alumna), d\u00aa. Roc\u00edo L\u00f3pez Costillas (Alumna), D. Enrique Azores Gonz\u00e1lez (Alumno) y D. \u00c1ngel Fern\u00e1ndez Mart\u00edn (Profesor).<br \/><em>Voz en off:<\/em>\u00a0D\u00aa. Sara Revuelta Medina (Profesora de imagen y sonido), D. Te\u00f3filo Blanco Hern\u00e1ndez (Conserje) y D. Jorge Rivera Garc\u00eda (Alumno).<br \/><em>M\u00fasica:<\/em>\u00a0D. Jer\u00f3nimo Mor\u00edn Rodr\u00edguez (Director de la Residencia de Estudiantes de la Fundaci\u00f3n) y D. Juan Jos\u00e9 \u00a0de la Fuente Ruiz (Investigador de la Usal)<\/p>\t\t\t\t\t\t<\/div>\n\t\t\t\t<\/div>\n\t\t\t\t<div class=\"elementor-element elementor-element-1a64b8a elementor-widget elementor-widget-text-editor\" data-id=\"1a64b8a\" data-element_type=\"widget\" data-widget_type=\"text-editor.default\">\n\t\t\t\t<div class=\"elementor-widget-container\">\n\t\t\t\t\t\t\t<div class=\"wptb-table-container wptb-table-15740\"><div class=\"wptb-table-container-matrix\" id=\"wptb-table-id-15740\" data-wptb-version=\"1.4.13\" data-wptb-pro-status=\"true\"><table class=\"wptb-preview-table wptb-element-main-table_setting-15740\" data-reconstraction=\"1\" style=\"border: 1px solid rgb(209, 209, 209);\" data-wptb-table-tds-sum-max-width=\"132\" data-wptb-cells-width-auto-count=\"1\" data-wptb-horizontal-scroll-status=\"false\" data-wptb-extra-styles=\"LyogRW50ZXIgeW91ciBjdXN0b20gQ1NTIHJ1bGVzIGhlcmUgKi8=\" role=\"table\" data-wptb-header-background-color=\"#007DC2FF\" data-table-columns=\"1\" data-wptb-responsive-directives=\"eyJyZXNwb25zaXZlRW5hYmxlZCI6dHJ1ZSwicmVzcG9uc2l2ZU1vZGUiOiJhdXRvIiwicHJlc2VydmVSb3dDb2xvciI6ZmFsc2UsInJlbGF0aXZlV2lkdGgiOiJ3aW5kb3ciLCJoZWFkZXJGdWxseU1lcmdlZCI6ZmFsc2UsIm1vZGVPcHRpb25zIjp7ImF1dG8iOnsiZGlzYWJsZWQiOnsiZGVza3RvcCI6ZmFsc2UsInRhYmxldCI6ZmFsc2UsIm1vYmlsZSI6ZmFsc2V9LCJ0b3BSb3dBc0hlYWRlciI6eyJkZXNrdG9wIjpmYWxzZSwidGFibGV0IjpmYWxzZSwibW9iaWxlIjpmYWxzZX0sInJlcGVhdE1lcmdlZEhlYWRlciI6eyJkZXNrdG9wIjp0cnVlLCJ0YWJsZXQiOnRydWUsIm1vYmlsZSI6dHJ1ZX0sInN0YXRpY1RvcFJvdyI6eyJkZXNrdG9wIjpmYWxzZSwidGFibGV0Ijp0cnVlLCJtb2JpbGUiOnRydWV9LCJjZWxsU3RhY2tEaXJlY3Rpb24iOnsiZGVza3RvcCI6InJvdyIsInRhYmxldCI6InJvdyIsIm1vYmlsZSI6InJvdyJ9LCJjZWxsc1BlclJvdyI6eyJkZXNrdG9wIjoxLCJ0YWJsZXQiOjEsIm1vYmlsZSI6MX19fSwiYnJlYWtwb2ludHMiOnsiZGVza3RvcCI6eyJuYW1lIjoiZGVza3RvcCIsIndpZHRoIjoxMDI0fSwidGFibGV0Ijp7Im5hbWUiOiJ0YWJsZXQiLCJ3aWR0aCI6NzAwfSwibW9iaWxlIjp7Im5hbWUiOiJtb2JpbGUiLCJ3aWR0aCI6MzAwfX19\" data-wptb-adaptive-table=\"0\" data-wptb-table-directives=\"eyJpbm5lckJvcmRlcnMiOnsiYWN0aXZlIjoiYWxsIiwiYm9yZGVyV2lkdGgiOiIxIiwiYm9yZGVyUmFkaXVzZXMiOnsiYWxsIjpmYWxzZX19fQ==\"><tbody><tr class=\"wptb-row\" style=\"background-color: rgb(0, 125, 194);\"><td class=\"wptb-cell\" data-y-index=\"0\" data-x-index=\"0\" style=\"border: 1px solid rgb(209, 209, 209);\" data-wptb-css-td-auto-width=\"true\"><div class=\"wptb-text-container wptb-ph-element wptb-element-text-597\" style=\"color: rgb(255, 255, 255); font-size: 15px; padding: 0px; margin: 0px;\"><div class=\"\" style=\"position: relative;\"><p><strong>Art&iacute;culo de opini&oacute;n<\/strong><\/p><\/div><\/div><\/td><\/tr><tr class=\"wptb-row\" style=\"--hover-bg-color: undefined;\"><td class=\"wptb-cell\" style=\"border: 1px solid rgb(209, 209, 209);\" data-x-index=\"0\" data-y-index=\"1\" data-wptb-css-td-auto-width=\"true\"><div class=\"wptb-text-container wptb-ph-element wptb-element-text-598\" style=\"color: rgb(0, 0, 0); font-size: 15px; padding: 0px; margin: 0px;\"><div class=\"\" style=\"position: relative;\"><p><strong>La fachada de la sala capitular de Santa Mar&iacute;a de la Vega (Salamanca). Valorizaci&oacute;n y difusi&oacute;n mediante una propuesta en 3D.<\/strong><\/p><p>Por Antonio Ledesma Gonz&aacute;lez, Doctor en Historia del Arte por la Universidad de Salamanca<\/p><p>Para ver el art&iacute;culo al que hace referencia, pulse&nbsp;<strong><a data-mce-href=\"https:\/\/www.romanicodigital.com\/actualidad\/noticias\/fachada-sala-capitular-santa-maria-vega-salamanca-valorizacion-y-difusion-una\" href=\"https:\/\/www.romanicodigital.com\/actualidad\/noticias\/fachada-sala-capitular-santa-maria-vega-salamanca-valorizacion-y-difusion-una\" style=\"color: #007dc2;\">AQU&Iacute;<\/a><\/strong><\/p><\/div><\/div><\/td><\/tr><\/tbody><\/table><\/div><\/div>\n\t\t\t\t\t\t<\/div>\n\t\t\t\t<\/div>\n\t\t\t\t<div class=\"elementor-element elementor-element-63e8d2a elementor-widget elementor-widget-text-editor\" data-id=\"63e8d2a\" data-element_type=\"widget\" data-widget_type=\"text-editor.default\">\n\t\t\t\t<div class=\"elementor-widget-container\">\n\t\t\t\t\t\t\t<div class=\"wptb-table-container wptb-table-15744\"><div class=\"wptb-table-container-matrix\" id=\"wptb-table-id-15744\" data-wptb-version=\"1.4.13\" data-wptb-pro-status=\"true\"><table class=\"wptb-preview-table wptb-element-main-table_setting-15740\" data-reconstraction=\"1\" style=\"border: 1px solid rgb(209, 209, 209);\" data-wptb-table-tds-sum-max-width=\"132\" data-wptb-cells-width-auto-count=\"1\" data-wptb-horizontal-scroll-status=\"false\" data-wptb-extra-styles=\"LyogRW50ZXIgeW91ciBjdXN0b20gQ1NTIHJ1bGVzIGhlcmUgKi8=\" role=\"table\" data-wptb-header-background-color=\"#007DC2FF\" data-table-columns=\"1\" data-wptb-responsive-directives=\"eyJyZXNwb25zaXZlRW5hYmxlZCI6dHJ1ZSwicmVzcG9uc2l2ZU1vZGUiOiJhdXRvIiwicHJlc2VydmVSb3dDb2xvciI6ZmFsc2UsInJlbGF0aXZlV2lkdGgiOiJjb250YWluZXIiLCJoZWFkZXJGdWxseU1lcmdlZCI6ZmFsc2UsIm1vZGVPcHRpb25zIjp7ImF1dG8iOnsiZGlzYWJsZWQiOnsiZGVza3RvcCI6ZmFsc2UsInRhYmxldCI6ZmFsc2UsIm1vYmlsZSI6ZmFsc2V9LCJ0b3BSb3dBc0hlYWRlciI6eyJkZXNrdG9wIjpmYWxzZSwidGFibGV0IjpmYWxzZSwibW9iaWxlIjpmYWxzZX0sInJlcGVhdE1lcmdlZEhlYWRlciI6eyJkZXNrdG9wIjp0cnVlLCJ0YWJsZXQiOnRydWUsIm1vYmlsZSI6dHJ1ZX0sInN0YXRpY1RvcFJvdyI6eyJkZXNrdG9wIjpmYWxzZSwidGFibGV0Ijp0cnVlLCJtb2JpbGUiOnRydWV9LCJjZWxsU3RhY2tEaXJlY3Rpb24iOnsiZGVza3RvcCI6InJvdyIsInRhYmxldCI6InJvdyIsIm1vYmlsZSI6InJvdyJ9LCJjZWxsc1BlclJvdyI6eyJkZXNrdG9wIjoxLCJ0YWJsZXQiOjEsIm1vYmlsZSI6MX19fSwiYnJlYWtwb2ludHMiOnsiZGVza3RvcCI6eyJuYW1lIjoiZGVza3RvcCIsIndpZHRoIjoxMDI0fSwidGFibGV0Ijp7Im5hbWUiOiJ0YWJsZXQiLCJ3aWR0aCI6NzAwfSwibW9iaWxlIjp7Im5hbWUiOiJtb2JpbGUiLCJ3aWR0aCI6MzAwfX19\" data-wptb-adaptive-table=\"0\" data-wptb-table-directives=\"eyJpbm5lckJvcmRlcnMiOnsiYWN0aXZlIjoiYWxsIiwiYm9yZGVyV2lkdGgiOiIxIiwiYm9yZGVyUmFkaXVzZXMiOnsiYWxsIjpudWxsfX19\" data-wptb-even-row-background-color=\"#FFFFFFFF\" data-wptb-odd-row-background-color=\"#FFFFFFFF\"><tbody><tr class=\"wptb-row\" style=\"background-color: rgb(0, 125, 194);\"><td class=\"wptb-cell\" data-y-index=\"0\" data-x-index=\"0\" style=\"border: 1px solid rgb(209, 209, 209);\" data-wptb-css-td-auto-width=\"true\"><div class=\"wptb-text-container wptb-ph-element wptb-element-text-597\" style=\"color: rgb(255, 255, 255); font-size: 15px; padding: 0px; margin: 0px;\"><div class=\"\" style=\"position: relative;\"><p><strong>UNA CIUDAD DENTRO DE LA CIUDAD DE SALAMANCA. Los or&iacute;genes de la Fundaci&oacute;n Vicente Rodr&iacute;guez Fabr&eacute;s<\/strong><\/p><\/div><\/div><\/td><\/tr><tr class=\"wptb-row\" style=\"--hover-bg-color: undefined; background-color: rgb(255, 255, 255);\"><td class=\"wptb-cell\" style=\"border: 1px solid rgb(209, 209, 209);\" data-x-index=\"0\" data-y-index=\"1\" data-wptb-css-td-auto-width=\"true\"><div class=\"wptb-text-container wptb-ph-element wptb-element-text-598\" style=\"color: rgb(0, 0, 0); font-size: 15px; padding: 0px; margin: 0px;\"><div class=\"\" style=\"position: relative;\"><p><strong>Pr&oacute;logo del libro.&nbsp;Por Juan Jos&eacute; de la Fuente Ruiz , Doctor en Historia Contempor&aacute;nea por la Universidad de Salamanca.<\/strong><\/p><p><\/p><\/div><\/div><\/td><\/tr><tr class=\"wptb-row\" style=\"--hover-bg-color: undefined; background-color: rgb(255, 255, 255);\"><td class=\"wptb-cell\" style=\"border: 1px solid rgb(209, 209, 209);\" data-x-index=\"0\" data-y-index=\"2\" data-wptb-css-td-auto-width=\"true\"><div class=\"wptb-text-container wptb-ph-element wptb-element-text-599\" style=\"color: rgb(0, 0, 0); font-size: 15px; padding: 0px; margin: 0px;\"><div class=\"\" style=\"position: relative;\"><p>Como la de todas las instituciones que tienden a perdurar en el tiempo, la historia de la Fundaci&oacute;n Vicente Rodr&iacute;guez Fabr&eacute;s es una historia de lucha y adaptaci&oacute;n. Lucha por la supervivencia, pero tambi&eacute;n &ndash;y sobre todo&ndash; por conservar intacto el esp&iacute;ritu originario inspirado por el fundador. Adaptaci&oacute;n, igualmente, para sobrevivir, pero al mismo tiempo para perfeccionar &ndash;en un movimiento casi imperceptible, aunque incesante, rotundo&ndash; el germen primigenio que le dio aliento (vida). Esta ha sido en resumen la historia de la Fundaci&oacute;n Vicente Rodr&iacute;guez Fabr&eacute;s: una constante pugna entre el pasado del que surgi&oacute; y los diferentes presentes &ndash;circunstanciales&ndash; por los que ha transcurrido su devenir hist&oacute;rico; un di&aacute;logo permanente entre el proyecto imaginado por el fundador y la realidad concreta a la que este pensamiento ideal ha tenido que enfrentarse en cada momento de su existencia.<\/p><p>Y este di&aacute;logo permanente entre lo imaginado y lo posible, entre idea y realidad, apareci&oacute; en la historia de la Fundaci&oacute;n Vicente Rodr&iacute;guez Fabr&eacute;s desde sus mismos comienzos en la primavera de 1914. Es de lo que tratar&aacute; el libro que tienen en sus manos, el primero de una serie de textos dedicados a relatar (explicar) la trayectoria vital de una instituci&oacute;n ben&eacute;fica a la que hasta ahora &ndash;momento en el que se cumplen los cien a&ntilde;os de su nacimiento&ndash; no se hab&iacute;a prestado atenci&oacute;n alguna desde la historiograf&iacute;a, a pesar de la relevancia (en el campo asistencial, educativo y de la investigaci&oacute;n agraria) que la Fundaci&oacute;n Vicente Rodr&iacute;guez Fabr&eacute;s ha tenido en la sociedad de la Salamanca del siglo XX.<\/p><p><\/p><\/div><\/div><div class=\"wptb-custom_html-container wptb-ph-element wptb-element-custom_html-1\" style=\"padding: 0px; margin: 0px;\"><div class=\"wptb-custom-html-wrapper\" data-wptb-new-element=\"1\" style=\"position: relative;\"><p align=\"center\"><img loading=\"lazy\" decoding=\"async\" src=\"https:\/\/prodistele.com\/fabres\/wp-content\/uploads\/2024\/04\/ciudad-300x211.jpg\" width=\"351\" height=\"247\" alt=\"\" data-mce-src=\"..\/wp-content\/uploads\/2024\/04\/ciudad-300x211.jpg\"><\/p><\/div><\/div><div class=\"wptb-text-container wptb-ph-element wptb-element-text-600\" style=\"color: rgb(0, 0, 0); font-size: 15px; padding: 0px; margin: 0px;\"><div class=\"\"><p>Este primer volumen &ndash;sobre los or&iacute;genes de la Fundaci&oacute;n&ndash; comienza no con el nacimiento de la instituci&oacute;n ben&eacute;fica salmantina en mayo de 1914, sino con el fallecimiento de su fundador, a principios de septiembre de 1904, y con el impacto que su testamento ocasion&oacute; en la capital charra cuando fue conocido por la opini&oacute;n p&uacute;blica. Despu&eacute;s, y tras esbozar las l&iacute;neas fundamentales del testamento de Vicente Rodr&iacute;guez Fabr&eacute;s, se hace un breve repaso de su biograf&iacute;a (cap&iacute;tulo 2.&ordm;), con el fin de intentar dilucidar cu&aacute;les fueron los motivos (o las personas, si las hubo) que le impulsaron a dejar como sus &uacute;nicos herederos &laquo;a los pobres de Salamanca&raquo;. A continuaci&oacute;n, en los cap&iacute;tulos 3.&ordm; y 4.&ordm; se describe la labor llevada a cabo por los albaceas testamentarios de Vicente Rodr&iacute;guez Fabr&eacute;s durante casi diez a&ntilde;os (de septiembre de 1904 a mayo de 1914) para lograr hacer realidad la voluntad expresada por este en su testamento. En los siguientes cap&iacute;tulos (del 5 al 7) se relatan los primeros pasos dados por el patronato de la Fundaci&oacute;n Vicente Rodr&iacute;guez Fabr&eacute;s para poner en marcha la instituci&oacute;n ben&eacute;fica. Y, por fin, la primera parte de este libro se cierra con la inauguraci&oacute;n del Asilo de la Vega a principios de noviembre de 1914 (cap&iacute;tulo 8.&ordm;).<\/p><p><br><\/p><p>La segunda parte de la obra est&aacute; dedicada al primer a&ntilde;o de vida de la Fundaci&oacute;n (cap&iacute;tulos 9 a 24): la puesta en marcha de las escuelas del asilo y de la granja modelo, la gesti&oacute;n de los bienes de la instituci&oacute;n ben&eacute;fica por parte del Patronato (con especial menci&oacute;n a los contratos de arrendamiento del caf&eacute; Novelty y de la dehesa de los Tres Cuartos de El Cubo de Don Sancho), la visita del ministro de Fomento al Asilo de la Vega&hellip;<\/p><p>La tercera parte trata de la consolidaci&oacute;n de la obra ben&eacute;fica ideada por Vicente Rodr&iacute;guez Fabr&eacute;s durante los duros a&ntilde;os de la Primera Guerra Mundial (cap&iacute;tulos 25 a 40): escasez de productos en el mercado por efecto de la contienda europea, alza del precio de las subsistencias, consecuencias en la poblaci&oacute;n salmantina de la pandemia de gripe espa&ntilde;ola de 1918, etc&eacute;tera. Tras las conclusiones (cap&iacute;tulo 41), se a&ntilde;aden varios anexos que pueden ser muy &uacute;tiles al lector: una cronolog&iacute;a, el testamento de Vicente Rodr&iacute;guez Fabr&eacute;s (de 1896), los reglamentos del Asilo y de la Granja de la Vega (de 1914 y 1915, respectivamente), el cat&aacute;logo de libros de la llamada biblioteca &laquo;circulante&raquo; de la granja escuela de la Fundaci&oacute;n y, por &uacute;ltimo, una bibliograf&iacute;a general.<\/p><\/div><\/div><\/td><\/tr><\/tbody><\/table><\/div><\/div>\n\n                \t\t\t\t\t\t<\/div>\n\t\t\t\t<\/div>\n\t\t\t\t<div class=\"elementor-element elementor-element-1288546 elementor-widget elementor-widget-text-editor\" data-id=\"1288546\" data-element_type=\"widget\" data-widget_type=\"text-editor.default\">\n\t\t\t\t<div class=\"elementor-widget-container\">\n\t\t\t\t\t\t\t<div class=\"wptb-table-container wptb-table-15758\"><div class=\"wptb-table-container-matrix\" id=\"wptb-table-id-15758\" data-wptb-version=\"1.4.13\" data-wptb-pro-status=\"true\"><table class=\"wptb-preview-table wptb-element-main-table_setting-15740 edit-active\" data-reconstraction=\"1\" style=\"border: 1px solid rgb(209, 209, 209);\" data-wptb-table-tds-sum-max-width=\"132\" data-wptb-cells-width-auto-count=\"1\" data-wptb-horizontal-scroll-status=\"false\" data-wptb-extra-styles=\"LyogRW50ZXIgeW91ciBjdXN0b20gQ1NTIHJ1bGVzIGhlcmUgKi8=\" role=\"table\" data-wptb-header-background-color=\"#007DC2FF\" data-table-columns=\"1\" data-wptb-responsive-directives=\"eyJyZXNwb25zaXZlRW5hYmxlZCI6dHJ1ZSwicmVzcG9uc2l2ZU1vZGUiOiJhdXRvIiwicHJlc2VydmVSb3dDb2xvciI6ZmFsc2UsInJlbGF0aXZlV2lkdGgiOiJ3aW5kb3ciLCJoZWFkZXJGdWxseU1lcmdlZCI6ZmFsc2UsIm1vZGVPcHRpb25zIjp7ImF1dG8iOnsiZGlzYWJsZWQiOnsiZGVza3RvcCI6ZmFsc2UsInRhYmxldCI6ZmFsc2UsIm1vYmlsZSI6ZmFsc2V9LCJ0b3BSb3dBc0hlYWRlciI6eyJkZXNrdG9wIjpmYWxzZSwidGFibGV0IjpmYWxzZSwibW9iaWxlIjpmYWxzZX0sInJlcGVhdE1lcmdlZEhlYWRlciI6eyJkZXNrdG9wIjp0cnVlLCJ0YWJsZXQiOnRydWUsIm1vYmlsZSI6dHJ1ZX0sInN0YXRpY1RvcFJvdyI6eyJkZXNrdG9wIjpmYWxzZSwidGFibGV0Ijp0cnVlLCJtb2JpbGUiOnRydWV9LCJjZWxsU3RhY2tEaXJlY3Rpb24iOnsiZGVza3RvcCI6InJvdyIsInRhYmxldCI6InJvdyIsIm1vYmlsZSI6InJvdyJ9LCJjZWxsc1BlclJvdyI6eyJkZXNrdG9wIjoxLCJ0YWJsZXQiOjEsIm1vYmlsZSI6MX19fSwiYnJlYWtwb2ludHMiOnsiZGVza3RvcCI6eyJuYW1lIjoiZGVza3RvcCIsIndpZHRoIjoxMDI0fSwidGFibGV0Ijp7Im5hbWUiOiJ0YWJsZXQiLCJ3aWR0aCI6NzAwfSwibW9iaWxlIjp7Im5hbWUiOiJtb2JpbGUiLCJ3aWR0aCI6MzAwfX19\" data-wptb-adaptive-table=\"0\" data-wptb-table-directives=\"eyJpbm5lckJvcmRlcnMiOnsiYWN0aXZlIjoiYWxsIiwiYm9yZGVyV2lkdGgiOiIxIiwiYm9yZGVyUmFkaXVzZXMiOnsiYWxsIjpmYWxzZX19fQ==\"><tbody><tr class=\"wptb-row\" style=\"background-color: rgb(0, 125, 194);\"><td class=\"wptb-cell\" data-y-index=\"0\" data-x-index=\"0\" style=\"border: 1px solid rgb(209, 209, 209);\" data-wptb-css-td-auto-width=\"true\"><div class=\"wptb-text-container wptb-ph-element wptb-element-text-597\" style=\"color: rgb(255, 255, 255); font-size: 15px; padding: 0px; margin: 0px;\"><div class=\"\" style=\"position: relative;\"><p><strong>TESIS REALIZADA TENIENDO COMO EJE CENTRAL D. VICENTE RODR&Iacute;GUEZ FABR&Eacute;S Y SU OBRA<\/strong><\/p><\/div><\/div><\/td><\/tr><tr class=\"wptb-row\" style=\"--hover-bg-color: undefined;\"><td class=\"wptb-cell\" style=\"border: 1px solid rgb(209, 209, 209);\" data-x-index=\"0\" data-y-index=\"1\" data-wptb-css-td-auto-width=\"true\"><div class=\"wptb-text-container wptb-ph-element wptb-element-text-598\" style=\"color: rgb(0, 0, 0); font-size: 15px; padding: 0px; margin: 0px;\"><div class=\"\" style=\"position: relative;\"><p>Por V&iacute;ctor M. Gonz&aacute;lez S&aacute;nchez<\/p><p><\/p><\/div><\/div><div class=\"wptb-custom_html-container wptb-ph-element wptb-element-custom_html-1\" style=\"padding: 0px; margin: 0px;\"><div class=\"wptb-custom-html-wrapper\" data-wptb-new-element=\"1\" style=\"position: relative;\"><p align=\"center\"><img loading=\"lazy\" decoding=\"async\" src=\"https:\/\/prodistele.com\/fabres\/wp-content\/uploads\/2024\/04\/portada-libro.jpg\" width=\"300\" height=\"330\" alt=\"\"><\/p><\/div><\/div><div class=\"wptb-text-container wptb-ph-element wptb-element-text-599\" style=\"color: rgb(0, 0, 0); font-size: 15px; padding: 0px; margin: 0px;\"><div class=\"\" style=\"position: relative;\"><p style=\"text-align: center;\">Pulse&nbsp;<a data-mce-href=\"resources.fundacionrodriguezfabres.es\/text\/Vicente_Rodriguez_Fabres.pdf\" href=\"resources.fundacionrodriguezfabres.es\/text\/Vicente_Rodriguez_Fabres.pdf\" target=\"_blank\" rel=\"noopener\">AQU&Iacute; <\/a>para visualizar el pdf<\/p><\/div><\/div><\/td><\/tr><\/tbody><\/table><\/div><\/div>\n\n                \t\t\t\t\t\t<\/div>\n\t\t\t\t<\/div>\n\t\t\t\t<\/div>\n\t\t<div class=\"elementor-element elementor-element-e9acee4 e-con-full e-con\" data-id=\"e9acee4\" data-element_type=\"container\" data-settings=\"{&quot;content_width&quot;:&quot;full&quot;}\">\n\t\t\t\t<div class=\"elementor-element elementor-element-21ef533 elementor-widget elementor-widget-thim-ekits-header-info\" data-id=\"21ef533\" data-element_type=\"widget\" data-widget_type=\"thim-ekits-header-info.default\">\n\t\t\t\t<div class=\"elementor-widget-container\">\n\t\t\t\t\t<div class=\"header-info-swapper\">\n\t\t\t<ul class=\"thim-header-info\">\n\t\t\t\t\t\t\t\t\t\t<li>\n\t\t\t\t\t\t\t\t\t\t\t\t\t\t\t<a href=\"https:\/\/prodistele.com\/fabres\/quienes-somos-es\/\">\n\t\t\t\t\t\t\t\t\t\t\t\t\t\t\t\t\t\t\t\t\t\t\t\t\t\u00bfQuienes somos?\t\t\t\t\t\t\t\t\t\t\t\t\t\t\t<\/a>\n\t\t\t\t\t\t\t\t\t\t\t\t\t<\/li>\n\t\t\t\t\t\t\t\t\t\t\t\t<li>\n\t\t\t\t\t\t\t\t\t\t\t\t\t\t\t<a href=\"https:\/\/prodistele.com\/fabres\/historia-es\/\">\n\t\t\t\t\t\t\t\t\t\t\t\t\t\t\t\t\t\t\t\t\t\t\t\t\tHistoria\t\t\t\t\t\t\t\t\t\t\t\t\t\t\t<\/a>\n\t\t\t\t\t\t\t\t\t\t\t\t\t<\/li>\n\t\t\t\t\t\t\t\t\t\t\t\t<li>\n\t\t\t\t\t\t\t\t\t\t\t\t\t\t\t<a href=\"https:\/\/prodistele.com\/fabres\/constitucion\">\n\t\t\t\t\t\t\t\t\t\t\t\t\t\t\t\t\t\t\t\t\t\t\t\t\tConstituci\u00f3n y estatutos\t\t\t\t\t\t\t\t\t\t\t\t\t\t\t<\/a>\n\t\t\t\t\t\t\t\t\t\t\t\t\t<\/li>\n\t\t\t\t\t\t\t\t\t\t\t\t<li>\n\t\t\t\t\t\t\t\t\t\t\t\t\t\t\t<a href=\"https:\/\/prodistele.com\/fabres\/centenario\">\n\t\t\t\t\t\t\t\t\t\t\t\t\t\t\t\t\t\t\t\t\t\t\t\t\tCentenario\t\t\t\t\t\t\t\t\t\t\t\t\t\t\t<\/a>\n\t\t\t\t\t\t\t\t\t\t\t\t\t<\/li>\n\t\t\t\t\t\t\t\t\t<\/ul>\n\t\t<\/div>\n\t\t\t\t<\/div>\n\t\t\t\t<\/div>\n\t\t\t\t<\/div>\n\t\t\t\t\t<\/div>\n\t\t\t\t<\/div>\n\t\t\t\t\t\t\t<\/div>\n\t\t","protected":false},"excerpt":{"rendered":"<p>https:\/\/youtu.be\/3MZJyaYyp8w?si=wHIzLVxK0BNlKnbI V\u00eddeo conmemorativo de los 100 a\u00f1os de la Fundaci\u00f3n Vicente Rodr\u00edguez Fabr\u00e9s. Por iniciativa de D. Angel Fern\u00e1ndez Mart\u00edn, con un equipo de colaboradores, han elaborado un Documental sobre D. Vicente Rodr\u00edguez Fabr\u00e9s y la Fundaci\u00f3n que lleva su &hellip; <\/p>\n","protected":false},"author":1,"featured_media":0,"parent":15673,"menu_order":0,"comment_status":"closed","ping_status":"closed","template":"","meta":{"inline_featured_image":false,"footnotes":""},"class_list":["post-15705","page","type-page","status-publish","hentry"],"_links":{"self":[{"href":"https:\/\/prodistele.com\/fabres\/wp-json\/wp\/v2\/pages\/15705","targetHints":{"allow":["GET"]}}],"collection":[{"href":"https:\/\/prodistele.com\/fabres\/wp-json\/wp\/v2\/pages"}],"about":[{"href":"https:\/\/prodistele.com\/fabres\/wp-json\/wp\/v2\/types\/page"}],"author":[{"embeddable":true,"href":"https:\/\/prodistele.com\/fabres\/wp-json\/wp\/v2\/users\/1"}],"replies":[{"embeddable":true,"href":"https:\/\/prodistele.com\/fabres\/wp-json\/wp\/v2\/comments?post=15705"}],"version-history":[{"count":67,"href":"https:\/\/prodistele.com\/fabres\/wp-json\/wp\/v2\/pages\/15705\/revisions"}],"predecessor-version":[{"id":17522,"href":"https:\/\/prodistele.com\/fabres\/wp-json\/wp\/v2\/pages\/15705\/revisions\/17522"}],"up":[{"embeddable":true,"href":"https:\/\/prodistele.com\/fabres\/wp-json\/wp\/v2\/pages\/15673"}],"wp:attachment":[{"href":"https:\/\/prodistele.com\/fabres\/wp-json\/wp\/v2\/media?parent=15705"}],"curies":[{"name":"wp","href":"https:\/\/api.w.org\/{rel}","templated":true}]}}